{"id":66843,"date":"2025-10-14T13:47:01","date_gmt":"2025-10-14T11:47:01","guid":{"rendered":"https:\/\/www-preview.ek-retail.com\/brands\/die-geschichte-von-in-shape\/"},"modified":"2026-03-12T15:36:24","modified_gmt":"2026-03-12T14:36:24","slug":"die-geschichte-von-in-shape","status":"publish","type":"brands","link":"https:\/\/www.ek-retail.com\/de\/brands\/die-geschichte-von-in-shape\/","title":{"rendered":"Die Geschichte von in shape"},"content":{"rendered":"\t\t<div data-elementor-type=\"wp-post\" data-elementor-id=\"66843\" class=\"elementor elementor-66843 elementor-53684\" data-elementor-post-type=\"brands\">\n\t\t\t\t<div class=\"elementor-element elementor-element-68f94fe1 e-flex e-con-boxed e-con e-parent\" data-id=\"68f94fe1\" data-element_type=\"container\" data-e-type=\"container\">\n\t\t\t\t\t<div class=\"e-con-inner\">\n\t\t\t\t<div class=\"elementor-element elementor-element-d76b024 elementor-widget__width-inherit elementor-widget elementor-widget-image\" data-id=\"d76b024\" data-element_type=\"widget\" data-e-type=\"widget\" data-widget_type=\"image.default\">\n\t\t\t\t<div class=\"elementor-widget-container\">\n\t\t\t\t\t\t\t\t\t\t\t\t\t\t\t<img fetchpriority=\"high\" decoding=\"async\" width=\"1280\" height=\"552\" src=\"https:\/\/www.ek-retail.com\/wp-content\/uploads\/2025\/10\/brands_in_shape.jpeg\" class=\"attachment-2048x2048 size-2048x2048 wp-image-66830\" alt=\"\" srcset=\"https:\/\/www.ek-retail.com\/wp-content\/uploads\/2025\/10\/brands_in_shape.jpeg 1280w, https:\/\/www.ek-retail.com\/wp-content\/uploads\/2025\/10\/brands_in_shape-300x129.jpeg 300w, https:\/\/www.ek-retail.com\/wp-content\/uploads\/2025\/10\/brands_in_shape-1024x442.jpeg 1024w, https:\/\/www.ek-retail.com\/wp-content\/uploads\/2025\/10\/brands_in_shape-768x331.jpeg 768w\" sizes=\"(max-width: 1280px) 100vw, 1280px\" \/>\t\t\t\t\t\t\t\t\t\t\t\t\t\t\t<\/div>\n\t\t\t\t<\/div>\n\t\t\t\t\t<\/div>\n\t\t\t\t<\/div>\n\t\t<div class=\"elementor-element elementor-element-bb8bc8a e-con-full e-flex e-con e-parent\" data-id=\"bb8bc8a\" data-element_type=\"container\" data-e-type=\"container\">\n\t\t<div class=\"elementor-element elementor-element-ea42e45 e-grid e-con-boxed e-con e-child\" data-id=\"ea42e45\" data-element_type=\"container\" data-e-type=\"container\">\n\t\t\t\t\t<div class=\"e-con-inner\">\n\t\t\t\t<div class=\"elementor-element elementor-element-75955bb elementor-widget elementor-widget-text-editor\" data-id=\"75955bb\" data-element_type=\"widget\" data-e-type=\"widget\" data-widget_type=\"text-editor.default\">\n\t\t\t\t<div class=\"elementor-widget-container\">\n\t\t\t\t\t\t\t\t\t<h2 class=\"wp-block-heading\"><strong>Die Geschichte von in shape<\/strong><\/h2>\n<p class=\"wp-block-heading\"><strong>in shape ist die Marke f\u00fcr Frauen, die Stil und Komfort m\u00fchelos miteinander verbinden m\u00f6chten. Inspiriert von den neuesten Trends bietet diese Marke zweimal im Jahr eine sorgf\u00e4ltig zusammengestellte Kollektion voller zeitloser Designs, durchdachter Farbpaletten und raffinierter Prints. Indem in shape geschickt auf die Dynamik der Modewelt reagiert, bringt die Marke regelm\u00e4\u00dfig trendige Artikel auf den Markt, die perfekt zu den Bed\u00fcrfnissen der modernen Frau passen.  <\/strong><\/p>\n<p><\/p>\n<p>F\u00fcr die modebewusste Frau ab 30 Jahren bietet In Shape die perfekte Balance aus Tragekomfort, Erschwinglichkeit und zeitloser Ausstrahlung. Sie wei\u00df, dass Raffinesse nicht auf Kosten von Qualit\u00e4t oder Preis gehen muss, und findet in \u201eIn Shape\u201c eine Marke, die dieses Versprechen einl\u00f6st. <\/p>\n<p><\/p>\n<p> <\/p>\n<p>Dar\u00fcber hinaus steht EK Fashion, das Mutterunternehmen von In Shape, f\u00fcr verantwortungsvolle Produktion und faires Unternehmertum. Damit ist In Shape nicht nur eine stilvolle Wahl f\u00fcr Verbraucherinnen, sondern auch eine wertvolle Erg\u00e4nzung f\u00fcr jeden Markenmix im mittleren und mittleren\/gehobenen Segment. <\/p>\t\t\t\t\t\t\t\t<\/div>\n\t\t\t\t<\/div>\n\t\t<div class=\"elementor-element elementor-element-b42680b e-grid e-con-full e-con e-child\" data-id=\"b42680b\" data-element_type=\"container\" data-e-type=\"container\">\n\t\t\t\t<div class=\"elementor-element elementor-element-305e3ab elementor-widget elementor-widget-image\" data-id=\"305e3ab\" data-element_type=\"widget\" data-e-type=\"widget\" data-widget_type=\"image.default\">\n\t\t\t\t<div class=\"elementor-widget-container\">\n\t\t\t\t\t\t\t\t\t\t\t\t\t\t\t<img decoding=\"async\" width=\"120\" height=\"120\" src=\"https:\/\/www.ek-retail.com\/wp-content\/uploads\/2025\/10\/miriamvanvoorden.jpeg\" class=\"attachment-large size-large wp-image-66831\" alt=\"\" \/>\t\t\t\t\t\t\t\t\t\t\t\t\t\t\t<\/div>\n\t\t\t\t<\/div>\n\t\t\t\t<div class=\"elementor-element elementor-element-03ac109 elementor-widget elementor-widget-text-editor\" data-id=\"03ac109\" data-element_type=\"widget\" data-e-type=\"widget\" data-widget_type=\"text-editor.default\">\n\t\t\t\t<div class=\"elementor-widget-container\">\n\t\t\t\t\t\t\t\t\t<div class=\"name\" style=\"transition: 0.3s linear; font-size: medium; font-weight: bold; font-family: Arial, 'Helvetica Neue', Helvetica, sans-serif; background-color: #ffffff;\">Mirjam van Voorden<\/div><div class=\"intro\" style=\"transition: 0.3s linear; line-height: 24px; font-size: 14px; display: inline-block; vertical-align: top; font-family: Arial, 'Helvetica Neue', Helvetica, sans-serif; background-color: #ffffff;\"><p style=\"transition: all 0.3s linear;\">Bei EK Fashion ist Mirjam die erste Ansprechpartnerin f\u00fcr die Private Labels in shape und J&#8217;AMU.<\/p><\/div>\t\t\t\t\t\t\t\t<\/div>\n\t\t\t\t<\/div>\n\t\t\t\t<div class=\"elementor-element elementor-element-231c4d1 elementor-widget elementor-widget-text-editor\" data-id=\"231c4d1\" data-element_type=\"widget\" data-e-type=\"widget\" data-widget_type=\"text-editor.default\">\n\t\t\t\t<div class=\"elementor-widget-container\">\n\t\t\t\t\t\t\t\t\t<p><span style=\"font-family: Arial, 'Helvetica Neue', Helvetica, sans-serif; font-size: 14px; font-weight: bold; background-color: #ffffff;\">Funktion<\/span><\/p>\t\t\t\t\t\t\t\t<\/div>\n\t\t\t\t<\/div>\n\t\t\t\t<div class=\"elementor-element elementor-element-723a36e elementor-widget elementor-widget-text-editor\" data-id=\"723a36e\" data-element_type=\"widget\" data-e-type=\"widget\" data-widget_type=\"text-editor.default\">\n\t\t\t\t<div class=\"elementor-widget-container\">\n\t\t\t\t\t\t\t\t\t<div class=\"intro\" style=\"transition: 0.3s linear; line-height: 24px; font-size: 14px; display: inline-block; vertical-align: top; font-family: Arial, 'Helvetica Neue', Helvetica, sans-serif; background-color: #ffffff;\"><p style=\"transition: all 0.3s linear;\"><span style=\"transition: all 0.3s linear;\">Managerin Vertrieb bei EK Fashion<\/span><\/p><\/div>\t\t\t\t\t\t\t\t<\/div>\n\t\t\t\t<\/div>\n\t\t\t\t<\/div>\n\t\t\t\t\t<\/div>\n\t\t\t\t<\/div>\n\t\t\t\t<\/div>\n\t\t\t\t<\/div>\n\t\t","protected":false},"excerpt":{"rendered":"<p>Die Geschichte von in shape in shape ist die Marke f\u00fcr Frauen, die Stil und Komfort m\u00fchelos miteinander verbinden m\u00f6chten. Inspiriert von den neuesten Trends bietet diese Marke zweimal im Jahr eine sorgf\u00e4ltig zusammengestellte Kollektion voller zeitloser Designs, durchdachter Farbpaletten und raffinierter Prints. Indem in shape geschickt auf die Dynamik der Modewelt reagiert, bringt die&hellip;<\/p>\n","protected":false},"featured_media":66830,"template":"elementor_header_footer","class_list":["post-66843","brands","type-brands","status-publish","has-post-thumbnail","hentry"],"_links":{"self":[{"href":"https:\/\/www.ek-retail.com\/de\/wp-json\/wp\/v2\/brands\/66843","targetHints":{"allow":["GET"]}}],"collection":[{"href":"https:\/\/www.ek-retail.com\/de\/wp-json\/wp\/v2\/brands"}],"about":[{"href":"https:\/\/www.ek-retail.com\/de\/wp-json\/wp\/v2\/types\/brands"}],"version-history":[{"count":0,"href":"https:\/\/www.ek-retail.com\/de\/wp-json\/wp\/v2\/brands\/66843\/revisions"}],"wp:featuredmedia":[{"embeddable":true,"href":"https:\/\/www.ek-retail.com\/de\/wp-json\/wp\/v2\/media\/66830"}],"wp:attachment":[{"href":"https:\/\/www.ek-retail.com\/de\/wp-json\/wp\/v2\/media?parent=66843"}],"curies":[{"name":"wp","href":"https:\/\/api.w.org\/{rel}","templated":true}]}}

<div data-elementor-type="wp-post" data-elementor-id="66843" class="elementor elementor-66843 elementor-53684" data-elementor-post-type="brands">
				<div class="elementor-element elementor-element-68f94fe1 e-flex e-con-boxed e-con e-parent" data-id="68f94fe1" data-element_type="container" data-e-type="container">
					<div class="e-con-inner">
				<div class="elementor-element elementor-element-d76b024 elementor-widget__width-inherit elementor-widget elementor-widget-image" data-id="d76b024" data-element_type="widget" data-e-type="widget" data-widget_type="image.default">
				<div class="elementor-widget-container">
															<img fetchpriority="high" decoding="async" width="1280" height="552" src="https://www.ek-retail.com/wp-content/uploads/2025/10/brands_in_shape.jpeg" class="attachment-2048x2048 size-2048x2048 wp-image-66830" alt="" srcset="https://www.ek-retail.com/wp-content/uploads/2025/10/brands_in_shape.jpeg 1280w, https://www.ek-retail.com/wp-content/uploads/2025/10/brands_in_shape-300x129.jpeg 300w, https://www.ek-retail.com/wp-content/uploads/2025/10/brands_in_shape-1024x442.jpeg 1024w, https://www.ek-retail.com/wp-content/uploads/2025/10/brands_in_shape-768x331.jpeg 768w" sizes="(max-width: 1280px) 100vw, 1280px" />															</div>
				</div>
					</div>
				</div>
		<div class="elementor-element elementor-element-bb8bc8a e-con-full e-flex e-con e-parent" data-id="bb8bc8a" data-element_type="container" data-e-type="container">
		<div class="elementor-element elementor-element-ea42e45 e-grid e-con-boxed e-con e-child" data-id="ea42e45" data-element_type="container" data-e-type="container">
					<div class="e-con-inner">
				<div class="elementor-element elementor-element-75955bb elementor-widget elementor-widget-text-editor" data-id="75955bb" data-element_type="widget" data-e-type="widget" data-widget_type="text-editor.default">
				<div class="elementor-widget-container">
									<h2 class="wp-block-heading"><strong>Die Geschichte von in shape</strong></h2>
<p class="wp-block-heading"><strong>in shape ist die Marke für Frauen, die Stil und Komfort mühelos miteinander verbinden möchten. Inspiriert von den neuesten Trends bietet diese Marke zweimal im Jahr eine sorgfältig zusammengestellte Kollektion voller zeitloser Designs, durchdachter Farbpaletten und raffinierter Prints. Indem in shape geschickt auf die Dynamik der Modewelt reagiert, bringt die Marke regelmäßig trendige Artikel auf den Markt, die perfekt zu den Bedürfnissen der modernen Frau passen.  </strong></p>
<p></p>
<p>Für die modebewusste Frau ab 30 Jahren bietet In Shape die perfekte Balance aus Tragekomfort, Erschwinglichkeit und zeitloser Ausstrahlung. Sie weiß, dass Raffinesse nicht auf Kosten von Qualität oder Preis gehen muss, und findet in „In Shape“ eine Marke, die dieses Versprechen einlöst. </p>
<p></p>
<p> </p>
<p>Darüber hinaus steht EK Fashion, das Mutterunternehmen von In Shape, für verantwortungsvolle Produktion und faires Unternehmertum. Damit ist In Shape nicht nur eine stilvolle Wahl für Verbraucherinnen, sondern auch eine wertvolle Ergänzung für jeden Markenmix im mittleren und mittleren/gehobenen Segment. </p>								</div>
				</div>
		<div class="elementor-element elementor-element-b42680b e-grid e-con-full e-con e-child" data-id="b42680b" data-element_type="container" data-e-type="container">
				<div class="elementor-element elementor-element-305e3ab elementor-widget elementor-widget-image" data-id="305e3ab" data-element_type="widget" data-e-type="widget" data-widget_type="image.default">
				<div class="elementor-widget-container">
															<img decoding="async" width="120" height="120" src="https://www.ek-retail.com/wp-content/uploads/2025/10/miriamvanvoorden.jpeg" class="attachment-large size-large wp-image-66831" alt="" />															</div>
				</div>
				<div class="elementor-element elementor-element-03ac109 elementor-widget elementor-widget-text-editor" data-id="03ac109" data-element_type="widget" data-e-type="widget" data-widget_type="text-editor.default">
				<div class="elementor-widget-container">
									<div class="name" style="transition: 0.3s linear; font-size: medium; font-weight: bold; font-family: Arial, 'Helvetica Neue', Helvetica, sans-serif; background-color: #ffffff;">Mirjam van Voorden</div><div class="intro" style="transition: 0.3s linear; line-height: 24px; font-size: 14px; display: inline-block; vertical-align: top; font-family: Arial, 'Helvetica Neue', Helvetica, sans-serif; background-color: #ffffff;"><p style="transition: all 0.3s linear;">Bei EK Fashion ist Mirjam die erste Ansprechpartnerin für die Private Labels in shape und J&#8217;AMU.</p></div>								</div>
				</div>
				<div class="elementor-element elementor-element-231c4d1 elementor-widget elementor-widget-text-editor" data-id="231c4d1" data-element_type="widget" data-e-type="widget" data-widget_type="text-editor.default">
				<div class="elementor-widget-container">
									<p><span style="font-family: Arial, 'Helvetica Neue', Helvetica, sans-serif; font-size: 14px; font-weight: bold; background-color: #ffffff;">Funktion</span></p>								</div>
				</div>
				<div class="elementor-element elementor-element-723a36e elementor-widget elementor-widget-text-editor" data-id="723a36e" data-element_type="widget" data-e-type="widget" data-widget_type="text-editor.default">
				<div class="elementor-widget-container">
									<div class="intro" style="transition: 0.3s linear; line-height: 24px; font-size: 14px; display: inline-block; vertical-align: top; font-family: Arial, 'Helvetica Neue', Helvetica, sans-serif; background-color: #ffffff;"><p style="transition: all 0.3s linear;"><span style="transition: all 0.3s linear;">Managerin Vertrieb bei EK Fashion</span></p></div>								</div>
				</div>
				</div>
					</div>
				</div>
				</div>
				</div>

<p>Die Geschichte von in shape in shape ist die Marke für Frauen, die Stil und Komfort mühelos miteinander verbinden möchten. Inspiriert von den neuesten Trends bietet diese Marke zweimal im Jahr eine sorgfältig zusammengestellte Kollektion voller zeitloser Designs, durchdachter Farbpaletten und raffinierter Prints. Indem in shape geschickt auf die Dynamik der Modewelt reagiert, bringt die&hellip;</p>
